
-1 (base 9) to base 11
-1
Convert -1 (base 5) to base 9.
-1
-4 (base 10) to base 2
-100
Convert -3 (base 12) to base 4.
-3
Convert 100 (base 2) to base 8.
4
66 (base 13) to base 4
1110
-101 (base 2) to base 8
-5
-111 (base 2) to base 4
-13
-34 (base 7) to base 3
-221
Convert 1 (base 8) to base 10.
1
Convert -131 (base 4) to base 12.
-25
What is 323 (base 6) in base 9?
146
Convert 43 (base 5) to base 7.
32
What is -3 (base 7) in base 2?
-11
What is 1 (base 12) in base 6?
1
Convert 0 (base 15) to base 9.
0
-10001 (base 2) to base 15
-12
Convert 111 (base 2) to base 3.
21
What is -432 (base 7) in base 2?
-11011011
3 (base 14) to base 7
3
Convert 17 (base 16) to base 3.
212
2 (base 3) to base 8
2
111110 (base 2) to base 5
222
Convert 102 (base 4) to base 2.
10010
Convert -2c (base 13) to base 3.
-1102
0 (base 12) to base 14
0
Convert -14 (base 7) to base 4.
-23
Convert 1f (base 16) to base 8.
37
a (base 13) to base 5
20
What is -36 (base 13) in base 12?
-39
0 (base 6) to base 13
0
-102 (base 6) to base 8
-46
Convert 3 (base 13) to base 15.
3
Convert 3 (base 10) to base 15.
3
What is 12 (base 4) in base 16?
6
63 (base 9) to base 14
41
What is -11 (base 3) in base 15?
-4
Convert 1 (base 9) to base 2.
1
What is -1d (base 16) in base 4?
-131
What is 11122 (base 3) in base 13?
98
-8 (base 16) to base 12
-8
Convert 251 (base 8) to base 13.
100
What is -11 (base 5) in base 8?
-6
-53 (base 7) to base 13
-2c
Convert -5 (base 10) to base 16.
-5
Convert -5 (base 15) to base 7.
-5
Convert 100010 (base 3) to base 2.
11110110
-1000 (base 2) to base 7
-11
Convert 102 (base 5) to base 2.
11011
Convert 2 (base 14) to base 3.
2
Convert 16 (base 12) to base 15.
13
-16 (base 7) to base 15
-d
Convert -36 (base 13) to base 7.
-63
What is -16 (base 15) in base 8?
-25
What is -13 (base 15) in base 3?
-200
-6 (base 12) to base 7
-6
Convert 2b (base 16) to base 8.
53
Convert 3 (base 14) to base 15.
3
-100 (base 7) to base 15
-34
Convert -3 (base 9) to base 3.
-10
What is 1001101 (base 2) in base 10?
77
Convert -4 (base 13) to base 11.
-4
What is -301 (base 4) in base 13?
-3a
What is -100 (base 5) in base 4?
-121
4c (base 15) to base 4
1020
Convert -14 (base 5) to base 8.
-11
-12 (base 5) to base 14
-7
What is -85 (base 10) in base 11?
-78
Convert -4 (base 12) to base 10.
-4
0 (base 4) to base 2
0
What is -4 (base 7) in base 3?
-11
-10000 (base 3) to base 14
-5b
102 (base 5) to base 16
1b
Convert -2111 (base 3) to base 14.
-4b
-52 (base 14) to base 7
-132
Convert -11 (base 2) to base 5.
-3
What is -2 (base 14) in base 5?
-2
What is -12 (base 6) in base 7?
-11
What is -10 (base 13) in base 4?
-31
10212 (base 3) to base 7
206
What is -3 (base 15) in base 2?
-11
What is 1 (base 4) in base 7?
1
-11 (base 2) to base 7
-3
-11 (base 2) to base 14
-3
What is -3 (base 15) in base 7?
-3
Convert -8 (base 9) to base 2.
-1000
-118 (base 14) to base 8
-332
Convert -40 (base 10) to base 8.
-50
What is -4 (base 6) in base 11?
-4
What is 1c (base 14) in base 7?
35
What is 5 (base 14) in base 16?
5
-9 (base 12) to base 16
-9
What is 13 (base 9) in base 2?
1100
-3 (base 6) to base 12
-3
17 (base 11) to base 10
18
What is -c (base 14) in base 12?
-10
What is -2c (base 13) in base 2?
-100110
What is 74 (base 10) in base 7?
134
-3 (base 11) to base 7
-3
-3a (base 12) to base 13
-37
What is 24 (base 10) in base 14?
1a
What is 100111 (base 2) in base 12?
33
7 (base 13) to base 12
7
What is -c9 (base 13) in base 5?
-1130
-5 (base 9) to base 11
-5
What is b (base 14) in base 15?
b
-132 (base 10) to base 5
-1012
Convert -d (base 14) to base 13.
-10
Convert 7 (base 10) to base 11.
7
What is 43 (base 11) in base 15?
32
What is -100011 (base 2) in base 9?
-38
Convert -10 (base 4) to base 15.
-4
Convert -57 (base 16) to base 4.
-1113
What is 303 (base 5) in base 10?
78
Convert 11 (base 3) to base 16.
4
13 (base 15) to base 3
200
What is -2 (base 10) in base 15?
-2
What is 2 (base 4) in base 12?
2
-33 (base 8) to base 15
-1c
What is -12 (base 8) in base 3?
-101
7 (base 11) to base 4
13
-15a (base 11) to base 3
-20220
Convert -11 (base 2) to base 11.
-3
Convert -12 (base 6) to base 3.
-22
5 (base 12) to base 6
5
Convert 10001 (base 2) to base 11.
16
101 (base 3) to base 7
13
9 (base 11) to base 4
21
42 (base 7) to base 6
50
-22 (base 5) to base 14
-c
6 (base 11) to base 14
6
What is -84 (base 15) in base 2?
-1111100
22 (base 3) to base 4
20
What is 0 (base 14) in base 2?
0
What is 3 (base 5) in base 15?
3
What is -61 (base 16) in base 12?
-81
Convert -22 (base 7) to base 12.
-14
What is -1222 (base 3) in base 11?
-49
What is 2231 (base 4) in base 10?
173
Convert -13 (base 11) to base 14.
-10
Convert -7 (base 11) to base 15.
-7
What is -38 (base 9) in base 15?
-25
Convert -96 (base 13) to base 6.
-323
What is 14 (base 5) in base 2?
1001
What is -1031 (base 6) in base 2?
-11101011
-11 (base 2) to base 12
-3
What is 11 (base 4) in base 11?
5
5 (base 15) to base 16
5
1 (base 2) to base 4
1
What is 0 (base 4) in base 14?
0
What is d (base 16) in base 4?
31
6 (base 14) to base 7
6
Convert 4 (base 11) to base 15.
4
90 (base 13) to base 12
99
Convert 9 (base 15) to base 14.
9
100 (base 3) to base 2
1001
Convert 4 (base 10) to base 7.
4
What is 55 (base 16) in base 14?
61
234 (base 13) to base 2
101111101
Convert 0 (base 10) to base 4.
0
What is 221 (base 5) in base 4?
331
Convert 2 (base 7) to base 4.
2
Convert -46 (base 13) to base 4.
-322
11 (base 2) to base 7
3
5 (base 12) to base 9
5
-101 (base 2) to base 7
-5
What is -134 (base 6) in base 8?
-72
What is -2 (base 15) in base 12?
-2
What is 27 (base 12) in base 15?
21
Convert -3 (base 7) to base 3.
-10
Convert -9 (base 11) to base 4.
-21
What is -1 (base 11) in base 6?
-1
-13 (base 7) to base 4
-22
-3 (base 13) to base 10
-3
Convert 12 (base 7) to base 5.
14
Convert -44 (base 5) to base 14.
-1a
What is d1 (base 14) in base 7?
351
Convert -1 (base 6) to base 13.
-1
What is 6 (base 7) in base 2?
110
What is -1003 (base 5) in base 7?
-242
What is -232 (base 4) in base 12?
-3a
Convert 0 (base 3) to base 9.
0
1c (base 13) to base 3
221
Convert -159 (base 13) to base 10.
-243
Convert -9 (base 14) to base 4.
-21
-26 (base 10) to base 14
-1c
Convert -10 (base 11) to base 7.
-14
Convert -565 (base 7) to base 5.
-2132
3 (base 8) to base 15
3
Convert -28 (base 11) to base 3.
-1010
24 (base 8) to base 6
32
-6 (base 11) to base 8
-6
What is -440 (base 5) in base 4?
-1320
Convert b (base 12) to base 16.
b
Convert 0 (base 7) to base 16.
0
Convert -13 (base 4) to base 9.
-7
Convert -2 (base 5) to base 6.
-2
What is 2 (base 10) in base 7?
2
Convert 3 (base 11) to base 9.
3
-5 (base 8) to base 15
-5
Convert 49 (base 11) to base 3.
1222
Convert -b (base 15) to base 9.
-12
What is 102 (base 6) in base 13?
2c
Convert 0 (base 15) to base 11.
0
What is b2 (base 12) in base 15?
8e
33 (base 10) to base 8
41
What is 3 (base 16) in base 3?
10
-3 (base 12) to base 2
-11
Convert -11011011 (base 2) to base 13.
-13b
What is 113 (base 5) in base 13?
27
Convert 12 (base 14) to base 13.
13
What is -24 (base 12) in base 10?
-28
What is 4 (base 13) in base 2?
100
What is 246 (base 7) in base 12?
b0
-44 (base 5) to base 14
-1a
What is 2 (base 10) in base 8?
2
What is 0 (base 14) in base 9?
0
-21 (base 4) to base 13
-9
Convert -10111 (base 3) to base 13.
-73
1 (base 15) to base 2
1
Convert -91 (base 12) to base 3.
-11001
3 (base 16) to base 6
3
What is -110000 (base 2) in base 7?
-66
What is 40 (base 11) in base 10?
44
Convert 4 (base 16) to base 13.
4
Convert 2 (base 9) to base 16.
2
d (base 16) to base 7
16
Convert -2200 (base 3) to base 6.
-200
Convert 3 (base 7) to base 10.
3
What is 3111 (base 4) in base 10?
213
20 (base 3) to base 4
12
What is 5 (base 15) in base 11?
5
What is -86 (base 15) in base 10?
-126
What is 3 (base 12) in base 7?
3
110001 (base 2) to base 3
1211
430 (base 6) to base 5
1122
What is -26 (base 10) in base 8?
-32
-3c (base 14) to base 16
-36
What is -1 (base 8) in base 15?
-1
-150 (base 11) to base 16
-b0
What is 2 (base 14) in base 13?
2
What is -443 (base 7) in base 5?
-1402
Convert -7 (base 15) to base 8.
-7
-83 (base 10) to base 11
-76
115 (base 10) to base 4
1303
Convert 10 (base 3) to base 7.
3
Convert -1 (base 11) to base 13.
-1
-1 (base 5) to base 16
-1
4 (b